 is the highest common divisor of 20 and q?
10
Let u be (3 + -39 + -3)*(-1)/1. Calculate the highest common factor of u and 26.
13
Suppose -4*w + 2*m = -154, 5*m - 68 = -2*w + 3*m. Let i = w - 24. Calculate the highest common factor of i and 117.
13
Let k be 6/(-16) - (-4365)/120. What is the highest common divisor of k and 12?
12
Suppose 3*k + 2*y + 4 = 7*k, k - 5*y = -8. Suppose 5*p = k*p + 135. Let l be p/6*(-24)/(-10). Calculate the greatest common factor of l and 144.
18
Let r(t) = 2*t**2 + 12*t + 12. Let h(q) = q**2 + 6*q + 6. Let p(v) = 5*h(v) - 2*r(v). Let b be p(-5). Calculate the greatest common factor of 4 and b.
1
Suppose 4*t = -d + 15, 3*t + 31 = d - t. Let u = 31 - d. Calculate the highest common factor of u and 64.
8
Let z be (42/24)/((-2)/8). Let n = z + 4. Let h(v) = -v**3 + v**2 + 3*v - 4. Let l be h(n). Calculate the greatest common factor of 207 and l.
23
Let t(b) = -5*b - 12. Let w be t(-7). Let j = w - 16. What is the highest common factor of 49 and j?
7
Let x = 209 - -64. Let k be x/15 + 3/(-15). Suppose 0*y + 2*y = 180. What is the greatest common divisor of y and k?
18
Suppose 2*i + 3*i + 2 = -4*c, 0 = -4*i - 8. Suppose 3*g = c*w + 124, 3*w - 42 = -g + 4*w. What is the highest common divisor of g and 16?
8
Let f be -2*4/8*13. Let o = 39 - f. Calculate the greatest common factor of 13 and o.
13
Suppose -2*b + 3 = -123. Calculate the greatest common factor of b and 9.
9
Let u(h) = -3*h**3 - 11*h**2 + 5*h + 10. Let q be u(-4). Calculate the greatest common factor of 24 and q.
6
Let p = -3 + 5. Let h = 13 - p. Calculate the highest common factor of h and 77.
11
Let x(r) = -r**2 + 6*r - 3. Let k be x(5). Suppose 2*d - 15 = -4*n + 1, k*d = n + 21. Calculate the greatest common divisor of d and 2.
2
Let y = -24 - -76. What is the greatest common factor of 78 and y?
26
Let d(k) = -3*k + 48. Let m be d(10). Calculate the greatest common divisor of 12 and m.
6
Let i(c) = -c - 1. Let y be i(-5). Let k(o) = 7*o - o**2 - 2 + 0*o**2 + 2*o**2. Let z be k(-8). What is the highest common factor of y and z?
2
Let o(c) = -c + 1. Let j(r) = -r**2 + 5*r - 7. Let v be j(5). Let z be o(v). What is the highest common divisor of 4 and z?
4
Suppose -t = -31 + 10. Let g be 4*(-2 - (-52)/16). Suppose -2*u + 22 = r, 5*r = 2*r - g*u + 62. Calculate the greatest common factor of t and r.
7
Let f = 62 + -26. Suppose -2*d + 4*d + 3*g - 96 = 0, -2*d = -3*g - 120. Calculate the highest common factor of d and f.
18
Let h(v) = -v**3 + 5*v**2 + 2*v - 6. Let u be h(2). Calculate the greatest common factor of 2 and u.
2
Let u be 2/5 - 3639/(-15). What is the greatest common factor of u and 27?
27
Let a be 4 - (0 + 3) - 0. Calculate the greatest common divisor of 8 and a.
1
Suppose 3*y + t = 49, -3*t + 2 = -t. Calculate the greatest common divisor of 8 and y.
8
Suppose 0*x - 870 = -6*x. Calculate the greatest common divisor of 58 and x.
29
Suppose 4*v - 177 + 37 = 0. Suppose 3*n + 1 = 4. Let x be (-10)/(-2) - (-1 - n). What is the highest common divisor of v and x?
7
Let h be -1*(1 - 0) - -8. Let o be (-12)/66 - (-46)/11. Let s be 55 + 2/o*2. What is the greatest common divisor of s and h?
7
Let p(c) = -59*c**3 + 2*c**2 + 2*c + 1. Let r be p(-1). What is the greatest common divisor of r and 15?
15
Let u(b) = 2*b**2 + 2*b - 2. Let w be u(3). Suppose 0*m - 2*m = -2*t - 36, -m = -2*t - w. Calculate the greatest common factor of 35 and m.
7
Suppose -9 = 4*f - 25. Let g = 11 - f. Calculate the highest common divisor of g and 7.
7
Suppose 0 = -4*w + 2*s + 42, 0*w = w + 5*s - 16. Let b = w + -25. Let c be (-94)/b + 12/42. What is the highest common factor of 28 and c?
7
Suppose q = -4*q + 4*t + 37, 2*q - 20 = -t. What is the highest common factor of 180 and q?
9
Suppose 2*m - 67 = -3*l + 5, 72 = 3*l + m. Calculate the greatest common divisor of 48 and l.
24
Let s be 5/(-40) + 513/8. What is the highest common factor of 8 and s?
8
Let f = 29 - 15. Suppose -3*c - f = 142. Let g be (-4)/(-14) + c/(-14). Calculate the greatest common factor of 36 and g.
4
Let h(k) = k + 6. Let u be h(0). Let w = u - 4. What is the highest common divisor of w and 4?
2
Let b be ((-1)/(-1))/(9/(-279)). Let j = 47 + b. Calculate the highest common divisor of 16 and j.
16
Let l = 18 - 28. Let n be 21 + (-3)/3 + 1. Let j = l + n. Calculate the highest common factor of 22 and j.
11
Suppose 0 = v - 0 - 4. Suppose -3*k = -v - 5. Suppose -k*s - 72 = -7*s. What is the highest common divisor of 27 and s?
9
Let v(p) be the second derivative of p**5/20 - 2*p**4/3 + 9*p**2/2 + 3*p. Let h be v(8). What is the highest common divisor of h and 1?
1
Let q = -17 - -24. What is the greatest common divisor of q and 49?
7
Suppose 8*r + 2*d = 12*r - 168, -d = -3*r + 126. What is the greatest common factor of 105 and r?
21
Suppose 2*s + 4*s - 108 = 0. What is the greatest common divisor of 12 and s?
6
Suppose -p + 5*d = 3*d - 101, 5*d = -5*p + 535. What is the greatest common factor of 42 and p?
21
Let b(k) = k**3 - 4*k**2 + 2*k + 2. Let f be b(3). Let r be (f - 4/(-10))*-5. Let w be -2 - (-1)/(r/42). Calculate the highest common factor of 96 and w.
12
Suppose -2*l = 5*p + 258, 4*p - 3*l - 2*l + 180 = 0. Let s = -14 - p. Calculate the greatest common factor of 54 and s.
18
Let o be (-4)/(-12) - (-1887)/18*2. Calculate the highest common divisor of 21 and o.
21
Let j be (-2)/(-6) - (-160)/24. Let c(g) = 2*g**2 - 9*g + 4. Let k be c(j). What is the greatest common factor of k and 26?
13
Let s = 66 + -39. What is the highest common divisor of s and 18?
9
Suppose -s + 3*l + 2*l - 4 = 0, -20 = 5*s + l. Let f be 1 + 2 - 208/s. Calculate the highest common factor of f and 11.
11
Let f be (18/8)/1*4. Suppose 3*m = 4*m - f. Let b(v) = v - 9. Let q be b(10). Calculate the highest common divisor of q and m.
1
Suppose 0 = 5*l - 38 + 28. Calculate the highest common divisor of 20 and l.
2
Let v = -16 - -33. Suppose 2*y + 4*r - v = 3, 5*r = -2*y + 24. Suppose -2*h - 10 = -7*h. Calculate the highest common divisor of h and y.
2
Suppose -12 + 16 = 2*h. What is the greatest common divisor of 8 and h?
2
Suppose -3*b + 0*b = 0. Suppose b = 5*j + 10 + 5. Let k be 4/j*27/(-2). What is the greatest common factor of k and 144?
18
Let w be ((-5)/10)/(2/(-4)). Suppose 2*t - 26 = -5*g, g = 3*t - 6 + w. What is the greatest common divisor of 1 and g?
1
Suppose 0 = j - 0 - 5. Suppose -3*g + 8 = j*m - 12, -4*m + 3*g = -43. What is the greatest common divisor of m and 28?
7
Let f(g) = 3*g**2 - g - 1. Let w be f(-1). What is the highest common divisor of w and 3?
3
Let z be ((-18)/(-8))/((-12)/(-128)). Suppose 2*q = 3*b + 53, 3*b = -q + 2*b + z. What is the greatest common divisor of 5 and q?
5
Suppose 2*l - 3*l + 4*m = 0, 0 = m - 3. Suppose -2 + l = 5*g. Let t = g + 15. What is the greatest common factor of 136 and t?
17
Let b be 7/(-21) + 632/6. Calculate the greatest common factor of b and 21.
21
Suppose 7*n = 4*n + 2*v + 31, 0 = v + 5. Calculate the highest common divisor of n and 49.
7
Let q(a) be the first derivative of 16*a**3/3 + 3*a**2/2 - 3*a - 2. Let j be q(-3). What is the greatest common factor of 12 and j?
12
Suppose 4*n - 2*w - 70 = 0, -3*w + 0*w + 15 = 2*n. What is the highest common divisor of n and 195?
15
Suppose 1 - 6 = -5*f. Let w = f + -1. Suppose w = 5*h - 22 - 23. Calculate the highest common divisor of h and 99.
9
Let f = 127 + -52. Calculate the greatest common divisor of f and 30.
15
Suppose 0 = 3*c + c - 32. Suppose 2*k + c = -2*k, -2*n + 5*k = -18. Suppose -v + 2*f + 118 = n*v, 5*f - 2 = -v. What is the greatest common factor of 11 and v?
11
Let j(s) = -s**2 - 6*s. Let f be j(-5). Let a be 73/f + (-2)/(-5). Let r be 1/4 + (-118)/(-8). What is the highest common factor of r and a?
15
Let s(d) = d**3 - 5*d**2 + 2*d. Let b be s(6). What is the greatest common factor of b and 6?
6
Let c be -2 + 1 - -3*2. Let h = 7 - c. Suppose 2*s + 144 = 5*x, -h*x = -x - s - 30. What is the greatest common factor of x and 4?
4
Let c = -88 - -124. Let i(b) = b**2 - 17*b + 4. Let z be i(0). What is the greatest common factor of z and c?
4
Suppose 0*f + 10 = 5*f. Suppose 5*q - 161 + 2 = f*y, -117 = -4*q + 5*y. Calculate the highest common factor of q and 11.
11
Let t be ((-2)/(-6))/((-7)/(-126)). Suppose 0 = t*l - 4*l. Suppose l = 